{"id":146,"date":"2022-09-21T17:54:51","date_gmt":"2022-09-21T17:54:51","guid":{"rendered":"https:\/\/reparamostodoantisan.com\/?page_id=146"},"modified":"2022-09-29T20:02:16","modified_gmt":"2022-09-29T18:02:16","slug":"politica-de-cookies","status":"publish","type":"page","link":"https:\/\/reparamostodoantisan.com\/index.php\/politica-de-cookies\/","title":{"rendered":"Pol\u00edtica de Cookies"},"content":{"rendered":"<p>[et_pb_section fb_built=\u00bb1&#8243; _builder_version=\u00bb4.18.0&#8243; _module_preset=\u00bbdefault\u00bb global_colors_info=\u00bb{}\u00bb][et_pb_row _builder_version=\u00bb4.18.0&#8243; _module_preset=\u00bbdefault\u00bb global_colors_info=\u00bb{}\u00bb][et_pb_column type=\u00bb4_4&#8243; _builder_version=\u00bb4.18.0&#8243; _module_preset=\u00bbdefault\u00bb global_colors_info=\u00bb{}\u00bb][et_pb_text _builder_version=\u00bb4.18.0&#8243; _module_preset=\u00bbdefault\u00bb global_colors_info=\u00bb{}\u00bb]<\/p>\n<h4 style=\"text-align: center;\"><strong>POL\u00cdTICA DE COOKIES<\/strong><\/h4>\n<p><br role=\"presentation\" \/><span dir=\"ltr\" role=\"presentation\">Antonio Santiago Cort\u00e9s (Antisan Multiservicios), a trav\u00e9s del presente documento, recoge su<\/span><span dir=\"ltr\" role=\"presentation\"> Pol\u00edtica de recogida y tratamiento de cookies, en cumplimiento de lo dispuesto en el art\u00edculo 22.2<\/span><span dir=\"ltr\" role=\"presentation\"> de la Ley 34\/2002, de 11 de julio, de Servicios de la Sociedad de la Informaci\u00f3n y de Comercio<\/span><span dir=\"ltr\" role=\"presentation\"> Electr\u00f3nico (LSSICE).<\/span><\/p>\n<p><span dir=\"ltr\" role=\"presentation\">Las cookies se almacenan en el equipoterminal del usuario (ordenador o dispositivo m\u00f3vil) y<\/span><span dir=\"ltr\" role=\"presentation\"> recopilan informaci\u00f3n al visitar la p\u00e1gina web www.reparamostodoantisan.com, con la finalidad de<\/span><span dir=\"ltr\" role=\"presentation\"> mejorar la usabilidad de las mismas, conocer los h\u00e1bitos o necesidades de navegaci\u00f3n de los<\/span><span dir=\"ltr\" role=\"presentation\"> usuarios para poder adaptarse a los mismos, as\u00ed como obtener informaci\u00f3n con fines estad\u00edsticos.<\/span><span dir=\"ltr\" role=\"presentation\"> En<\/span> <span dir=\"ltr\" role=\"presentation\">el<\/span> <span dir=\"ltr\" role=\"presentation\">caso<\/span> <span dir=\"ltr\" role=\"presentation\">de<\/span> <span dir=\"ltr\" role=\"presentation\">aquellos<\/span> <span dir=\"ltr\" role=\"presentation\">usuarios<\/span> <span dir=\"ltr\" role=\"presentation\">que<\/span> <span dir=\"ltr\" role=\"presentation\">ya<\/span> <span dir=\"ltr\" role=\"presentation\">sean<\/span> <span dir=\"ltr\" role=\"presentation\">clientes<\/span> <span dir=\"ltr\" role=\"presentation\">de<\/span> <span dir=\"ltr\" role=\"presentation\">Antonio<\/span> <span dir=\"ltr\" role=\"presentation\">Santiago<\/span> <span dir=\"ltr\" role=\"presentation\">Cort\u00e9s<\/span> <span dir=\"ltr\" role=\"presentation\">(Antisan<\/span><span dir=\"ltr\" role=\"presentation\"> Multiservicios), la informaci\u00f3n recabada con las cookies servir\u00e1 tambi\u00e9n para su identificaci\u00f3n al<\/span><span dir=\"ltr\" role=\"presentation\"> acceder a las distintas herramientas que Antonio Santiago Cort\u00e9s (Antisan Multiservicios) pone a<\/span><br role=\"presentation\" \/><span dir=\"ltr\" role=\"presentation\">su disposici\u00f3n para la gesti\u00f3n de los servicios.<\/span><\/p>\n<p><span dir=\"ltr\" role=\"presentation\">La presente Pol\u00edtica de Cookies ser\u00e1 de aplicaci\u00f3n a aquellos usuarios que voluntariamente visitan<\/span><span dir=\"ltr\" role=\"presentation\"> las p\u00e1ginas web de Antonio Santiago Cort\u00e9s (Antisan Multiservicios), cumplimentan formularios de<\/span><span dir=\"ltr\" role=\"presentation\"> recogida<\/span> <span dir=\"ltr\" role=\"presentation\">de<\/span> <span dir=\"ltr\" role=\"presentation\">datos,<\/span> <span dir=\"ltr\" role=\"presentation\">acceden<\/span> <span dir=\"ltr\" role=\"presentation\">a<\/span> <span dir=\"ltr\" role=\"presentation\">las<\/span> <span dir=\"ltr\" role=\"presentation\">herramientas<\/span> <span dir=\"ltr\" role=\"presentation\">que<\/span> <span dir=\"ltr\" role=\"presentation\">Antonio<\/span> <span dir=\"ltr\" role=\"presentation\">Santiago<\/span> <span dir=\"ltr\" role=\"presentation\">Cort\u00e9s<\/span> <span dir=\"ltr\" role=\"presentation\">(Antisan<\/span><span dir=\"ltr\" role=\"presentation\"> Multiservicios) pone a disposici\u00f3n de sus clientes para gestionar sus servicios, o utilizan cualquier<\/span><span dir=\"ltr\" role=\"presentation\"> otro servicio presente en el sitio web que implique la comunicaci\u00f3n de datos a Antonio Santiago<\/span><br role=\"presentation\" \/><span dir=\"ltr\" role=\"presentation\">Cort\u00e9s<\/span> <span dir=\"ltr\" role=\"presentation\">(Antisan<\/span> <span dir=\"ltr\" role=\"presentation\">Multiservicios),<\/span> <span dir=\"ltr\" role=\"presentation\">o<\/span> <span dir=\"ltr\" role=\"presentation\">el<\/span> <span dir=\"ltr\" role=\"presentation\">acceso<\/span> <span dir=\"ltr\" role=\"presentation\">a<\/span> <span dir=\"ltr\" role=\"presentation\">datos<\/span> <span dir=\"ltr\" role=\"presentation\">por<\/span> <span dir=\"ltr\" role=\"presentation\">Antonio<\/span> <span dir=\"ltr\" role=\"presentation\">Santiago<\/span> <span dir=\"ltr\" role=\"presentation\">Cort\u00e9s<\/span> <span dir=\"ltr\" role=\"presentation\">(Antisan<\/span><br role=\"presentation\" \/><span dir=\"ltr\" role=\"presentation\">Multiservicios), para la prestaci\u00f3n de sus servicios.<\/span><\/p>\n<p><span dir=\"ltr\" role=\"presentation\">Antonio Santiago Cort\u00e9s (Antisan Multiservicios) informa a los usuarios de sus p\u00e1ginas web, de la<\/span><span dir=\"ltr\" role=\"presentation\"> existencia de cookies y pone a su disposici\u00f3n la presente Pol\u00edtica con la finalidad de informarles<\/span><br role=\"presentation\" \/><span dir=\"ltr\" role=\"presentation\">acerca del uso y del objeto de las mismas. El hecho de continuar la navegaci\u00f3n a trav\u00e9s de sus<\/span><span dir=\"ltr\" role=\"presentation\"> p\u00e1ginas, supone el conocimiento y la aceptaci\u00f3n de la presente Pol\u00edtica por parte de dichos<\/span><span dir=\"ltr\" role=\"presentation\"> usuarios.<\/span><\/p>\n<p><span dir=\"ltr\" role=\"presentation\">Antonio Santiago Cort\u00e9s (Antisan Multiservicios) utiliza los siguientes tipos de cookies:<\/span><\/p>\n<p><span dir=\"ltr\" role=\"presentation\">Clasificadas por su titularidad:<\/span><br role=\"presentation\" \/><span dir=\"ltr\" role=\"presentation\">*<\/span> <span dir=\"ltr\" role=\"presentation\">Cookies propias: enviadas y gestionadas directamente por Antonio Santiago Cort\u00e9s.<\/span><br role=\"presentation\" \/><span dir=\"ltr\" role=\"presentation\">*<\/span> <span dir=\"ltr\" role=\"presentation\">Cookies de terceros: enviadas y gestionadas por un tercero ajeno a Antonio Santiago Cort\u00e9s,<\/span><span dir=\"ltr\" role=\"presentation\"> de forma an\u00f3nima, con la finalidad de realizar estudios estad\u00edsticos de navegaci\u00f3n por las p\u00e1ginas<\/span><span dir=\"ltr\" role=\"presentation\"> web de Antonio Santiago Cort\u00e9s.<\/span><span dir=\"ltr\" role=\"presentation\"> Clasificadas por su finalidad:<\/span><br role=\"presentation\" \/><span dir=\"ltr\" role=\"presentation\">* Cookies t\u00e9cnicas y\/o de personalizaci\u00f3n: facilitan la navegaci\u00f3n, al identificar la sesi\u00f3n, permitir<\/span><span dir=\"ltr\" role=\"presentation\"> el acceso a herramientas de acceso restringido, adem\u00e1s de configurar a medida las opciones<\/span><span dir=\"ltr\" role=\"presentation\"> disponibles. Posibilitan la prestaci\u00f3n del servicio solicitado previamente por el usuario.<\/span><br role=\"presentation\" \/><span dir=\"ltr\" role=\"presentation\">*<\/span> <span dir=\"ltr\" role=\"presentation\">Cookies de an\u00e1lisis y\/o publicidad: permiten conocer el n\u00famero de visitas recibidas en las<\/span><span dir=\"ltr\" role=\"presentation\"> diferentes<\/span> <span dir=\"ltr\" role=\"presentation\">secciones<\/span> <span dir=\"ltr\" role=\"presentation\">de<\/span> <span dir=\"ltr\" role=\"presentation\">las<\/span> <span dir=\"ltr\" role=\"presentation\">p\u00e1ginas<\/span> <span dir=\"ltr\" role=\"presentation\">web,<\/span> <span dir=\"ltr\" role=\"presentation\">los<\/span> <span dir=\"ltr\" role=\"presentation\">h\u00e1bitos<\/span> <span dir=\"ltr\" role=\"presentation\">y<\/span> <span dir=\"ltr\" role=\"presentation\">tendencias<\/span> <span dir=\"ltr\" role=\"presentation\">de<\/span> <span dir=\"ltr\" role=\"presentation\">sus<\/span> <span dir=\"ltr\" role=\"presentation\">usuarios<\/span> <span dir=\"ltr\" role=\"presentation\">y<\/span> <span dir=\"ltr\" role=\"presentation\">en<\/span><span dir=\"ltr\" role=\"presentation\"> consecuencia, poder mejorar la navegaci\u00f3n y el servicio ofrecido por Antonio Santiago Cort\u00e9s<\/span><span dir=\"ltr\" role=\"presentation\"> (fundamentalmente, Google Analytics), as\u00ed como gestionar los espacios publicitarios incluidos en<\/span><span dir=\"ltr\" role=\"presentation\"> la p\u00e1gina web visitada por el usuario. Recopila datos de forma an\u00f3nima con la finalidad de obtener<\/span><span dir=\"ltr\" role=\"presentation\"> perfiles de navegaci\u00f3n de los usuarios.<\/span><\/p>\n<p><span dir=\"ltr\" role=\"presentation\">Clasificadas por su duraci\u00f3n:<\/span><br role=\"presentation\" \/><span dir=\"ltr\" role=\"presentation\">*<\/span> <span dir=\"ltr\" role=\"presentation\">Cookies de sesi\u00f3n: recaban y almacenan los datos mientras el usuario accede a la p\u00e1gina web.<\/span><br role=\"presentation\" \/><span dir=\"ltr\" role=\"presentation\">*<\/span> <span dir=\"ltr\" role=\"presentation\">Cookies persistentes: recaban y almacenan los datos en el terminal del usuario durante un<\/span><span dir=\"ltr\" role=\"presentation\"> periodo de tiempo variable en funci\u00f3n de cu\u00e1l sea la finalidad para la que han sido utilizadas.<\/span><span dir=\"ltr\" role=\"presentation\"> El tiempo de conservaci\u00f3n de las cookies depender\u00e1 del tipo de que se trate y siempre ser\u00e1 el<\/span><span dir=\"ltr\" role=\"presentation\"> m\u00ednimo indispensable para cumplir su finalidad.<\/span><\/p>\n<p><span dir=\"ltr\" role=\"presentation\">En cualquier caso, los usuarios pueden configurar su navegador, de manera que se deshabilite o<\/span><span dir=\"ltr\" role=\"presentation\"> bloquee la recepci\u00f3n de todas o algunas de las cookies. El hecho de no desear recibir estas<\/span><span dir=\"ltr\" role=\"presentation\"> cookies, no constituye un impedimento para poder acceder a la informaci\u00f3n de los sitios web de<\/span><span dir=\"ltr\" role=\"presentation\"> Antonio Santiago Cort\u00e9s aunque el uso de algunos servicios podr\u00e1 ser limitado. Si una vez<\/span><span dir=\"ltr\" role=\"presentation\"> otorgado el consentimiento para la recepci\u00f3n de cookies, se desease retirar \u00e9ste, se deber\u00e1n<\/span><span dir=\"ltr\" role=\"presentation\"> eliminar aquellas almacenadas en el equipo del usuario, a trav\u00e9s de las opciones de los diferentes<\/span><span dir=\"ltr\" role=\"presentation\"> navegadores.<\/span><\/p>\n<p><span dir=\"ltr\" role=\"presentation\">La forma de configurar los diferentes navegadores para ejercitar las acciones se\u00f1aladas en los<\/span><br role=\"presentation\" \/><span dir=\"ltr\" role=\"presentation\">p\u00e1rrafos anteriores, se puede consultar en:<\/span><br role=\"presentation\" \/><span dir=\"ltr\" role=\"presentation\">*<\/span> <span dir=\"ltr\" role=\"presentation\">Explorer: <a href=\"http:\/\/windows.microsoft.co%20\/es-es\/windows7\/how-to-manage-cookies -in-internet-explorer-9\">http:\/\/windows.microsoft.co \/es-es\/windows7\/how-to-manage-cookies<\/a><\/span><a href=\"http:\/\/windows.microsoft.co%20\/es-es\/windows7\/how-to-manage-cookies -in-internet-explorer-9\"><span dir=\"ltr\" role=\"presentation\"> -in-internet-explorer-9<\/span><\/a><br role=\"presentation\" \/><span dir=\"ltr\" role=\"presentation\">*<\/span> <span dir=\"ltr\" role=\"presentation\">Chrome: <a href=\"https:\/\/support.google.com\/chrome\/answer\/95647?hl=es\">https:\/\/support.google.com\/chrome\/answer\/95647?hl=es<\/a><\/span><br role=\"presentation\" \/><span dir=\"ltr\" role=\"presentation\">*<\/span> <span dir=\"ltr\" role=\"presentation\">Firefox: <a href=\"http:\/\/support.mozilla.org\/es\/kb\/cookies-informacion-que-los-siti%20os-web-guardan-en-?redirectlocale=en-US&amp;redirectslug=Cookies\">http:\/\/support.mozilla.org\/es\/k \/cookies-informacion-que-los-siti<\/a><\/span><a href=\"http:\/\/support.mozilla.org\/es\/kb\/cookies-informacion-que-los-siti%20os-web-guardan-en-?redirectlocale=en-US&amp;redirectslug=Cookies\"><span dir=\"ltr\" role=\"presentation\"> os-web-guardan-en-?redirectlocale=en-US redirectslug=Cookies<\/span><\/a><\/p>\n<p>&nbsp;<\/p>\n<p>[\/et_pb_text][\/et_pb_column][\/et_pb_row][\/et_pb_section]<\/p>\n","protected":false},"excerpt":{"rendered":"<p>POL\u00cdTICA DE COOKIES Antonio Santiago Cort\u00e9s (Antisan Multiservicios), a trav\u00e9s del presente documento, recoge su Pol\u00edtica de recogida y tratamiento de cookies, en cumplimiento de lo dispuesto en el art\u00edculo 22.2 de la Ley 34\/2002, de 11 de julio, de Servicios de la Sociedad de la Informaci\u00f3n y de Comercio Electr\u00f3nico (LSSICE). Las cookies se [&hellip;]<\/p>\n","protected":false},"author":1,"featured_media":0,"parent":0,"menu_order":0,"comment_status":"closed","ping_status":"closed","template":"","meta":{"_et_pb_use_builder":"on","_et_pb_old_content":"","_et_gb_content_width":"","footnotes":"","_joinchat":[]},"aioseo_notices":[],"_links":{"self":[{"href":"https:\/\/reparamostodoantisan.com\/index.php\/wp-json\/wp\/v2\/pages\/146"}],"collection":[{"href":"https:\/\/reparamostodoantisan.com\/index.php\/wp-json\/wp\/v2\/pages"}],"about":[{"href":"https:\/\/reparamostodoantisan.com\/index.php\/wp-json\/wp\/v2\/types\/page"}],"author":[{"embeddable":true,"href":"https:\/\/reparamostodoantisan.com\/index.php\/wp-json\/wp\/v2\/users\/1"}],"replies":[{"embeddable":true,"href":"https:\/\/reparamostodoantisan.com\/index.php\/wp-json\/wp\/v2\/comments?post=146"}],"version-history":[{"count":8,"href":"https:\/\/reparamostodoantisan.com\/index.php\/wp-json\/wp\/v2\/pages\/146\/revisions"}],"predecessor-version":[{"id":509,"href":"https:\/\/reparamostodoantisan.com\/index.php\/wp-json\/wp\/v2\/pages\/146\/revisions\/509"}],"wp:attachment":[{"href":"https:\/\/reparamostodoantisan.com\/index.php\/wp-json\/wp\/v2\/media?parent=146"}],"curies":[{"name":"wp","href":"https:\/\/api.w.org\/{rel}","templated":true}]}}